lculate the greatest common factor of o and s.
7
Let a(z) = 2*z**3 - 7*z**2 - 15*z - 7. Let c be a(7). Calculate the greatest common divisor of 33 and c.
33
Let a be (7 - 2380/(-21))*3. Calculate the greatest common divisor of 38 and a.
19
Let q = -5 + 8. Suppose q*j = j + 80. Calculate the greatest common factor of 5 and j.
5
Suppose -5*u - 5*c = -60, 4*u = -5*c + 47 + 2. Suppose -g - 3*y + 8 = -12, 34 = 2*g + 4*y. Calculate the highest common divisor of g and u.
11
Let h(j) = 26*j - 61. Let n be h(3). What is the greatest common divisor of 425 and n?
17
Let t(k) be the first derivative of -181*k**4/4 - 2*k**3/3 + k - 69. Let s be (1 + 0)*1*-1. Let r be t(s). What is the greatest common divisor of 20 and r?
20
Let c be (-2)/4 + 305/10. Let s be ((-9)/(-6))/((-3)/(-4)). Suppose 0 = 5*n + 2*t - 34, s*n - 3*t - 6 = -0*n. Calculate the highest common factor of n and c.
6
Suppose -5*q = -15*d + 12*d + 140, 2*q - 133 = -3*d. Calculate the greatest common factor of 315 and d.
45
Let h be ((-6068)/246)/(1/(-18)). Calculate the highest common divisor of 1628 and h.
148
Suppose 3*p - 302 = -68. What is the highest common factor of p and 6?
6
Suppose -59 = 4*k - 5*k. Suppose -2*u + 21 + k = 0. Let c = -5 + u. Calculate the greatest common factor of 5 and c.
5
Let q(v) = v**2 + 56*v - 61. Let i be q(-58). Calculate the greatest common divisor of i and 297.
11
Let z be (-2)/(-6) + (-7)/3. Let w(p) = -4 + 8*p**2 + 2 - 2*p - p. Let u be w(z). What is the highest common factor of 12 and u?
12
Let r(x) = x**3 + 9*x**2 - 5*x - 3. Let z be r(-9). What is the greatest common divisor of 609 and z?
21
Suppose -3*w = 2*c - 55, 5*w - 3*c - 8 - 109 = 0. Suppose -28*k = -w*k - 70. What is the greatest common factor of 4 and k?
2
Let b be 26/78 - 4827*(-4)/18. Calculate the highest common divisor of 29 and b.
29
Suppose -3*w + 17 = -2*n, -n - 10 - 3 = -2*w. Suppose t + 1 - 2 = 0. Calculate the greatest common factor of w and t.
1
Let p(a) = -9*a - 210. Let c be p(-37). What is the highest common factor of c and 6?
3
Suppose -5*s + 2*s + 5*y = -409, -2*y = -2*s + 266. Let g(i) = 3*i**3 - i**2 - 3*i + 2. Let p be g(2). Calculate the greatest common divisor of s and p.
16
Suppose -2*d = -2*s - 294, -8*d + 5*d + 436 = -4*s. What is the highest common factor of d and 950?
38
Let t(x) = -22*x - 77. Let v be t(-8). Let g be ((-9)/4)/(2/(-8)). What is the highest common factor of g and v?
9
Let b(k) = 5 + 3*k**2 + k**2 + 6*k - k**2 + 3. Let w be b(-4). Calculate the greatest common factor of w and 352.
32
Suppose 89*x - 49*x = 8960. Calculate the greatest common divisor of 7 and x.
7
Let f(a) = -a**3 + 5*a**2 + 2*a - 4. Let s be f(5). Suppose 22*u - 653 + 521 = 0. What is the greatest common divisor of s and u?
6
Let j be (-264)/(-18)*(-15)/2. Let v = -47 - j. What is the greatest common factor of v and 21?
21
Suppose -433 = 6*o - 11*o - 2*r, 0 = -2*o + r + 175. What is the greatest common divisor of o and 58?
29
Let b be ((-48)/9)/(2/(-6)) - 3. Suppose -299 = -13*r + b. What is the greatest common factor of r and 8?
8
Let s(g) = -62*g**3 + g**2 + 3*g + 3. Let j be s(-1). What is the highest common factor of j and 45?
9
Let v = -106 + 171. What is the highest common factor of v and 169?
13
Let f = 295 + 175. What is the highest common divisor of f and 10?
10
Suppose 8*k + 322 - 2698 = 0. Calculate the highest common factor of 11 and k.
11
Let l be (-5)/(-15) + 11/3. Let g be (-13)/l + (-3)/(-12) - -31. Calculate the greatest common divisor of 196 and g.
28
Let i = -388 + 400. Calculate the highest common factor of 192 and i.
12
Let y be ((-6)/(-4))/(2/4320). Let d be y/16*(-8)/(-6). Suppose k - 3*k + d = 4*v, 5*v + 20 = 0. What is the greatest common divisor of k and 13?
13
Let l(j) = -j**3 + 13*j**2 - 9*j - 66. Let p be l(11). Calculate the highest common divisor of p and 11.
11
Suppose 4*f = -j + 3, 0 = 8*j - 5*j - 4*f - 73. What is the highest common factor of 874 and j?
19
Suppose 0 = 3*o - 2*u - 22, 0 = -9*o + 4*o - 2*u + 10. Suppose -o*z = -3*z. Let v = z - -15. Calculate the highest common divisor of 3 and v.
3
Let a(v) = v - 4. Let m be a(10). Let o be -2 + 1 - 69/m*-2. What is the highest common divisor of o and 22?
22
Let f(u) = u**2 + 8*u - 26. Let t be f(3). Calculate the greatest common divisor of 448 and t.
7
Suppose -12 - 18 = -f. What is the highest common factor of f and 50?
10
Let u = -19 - -28. Let w(x) = -9 + u*x**2 + 21*x + x**3 - 11*x - 16*x**2. Let b be w(6). Calculate the greatest common divisor of b and 6.
3
Let q be 1/(-5) + 34/(-5). Let z(a) = -a**3 - 7*a**2 - 3*a - 7. Let j be z(q). What is the highest common factor of j and 70?
14
Suppose 0 = -3*u + 4 + 5. Suppose 3*f - 4*b - u = -102, 2*b = 6. Let r = f - -46. What is the greatest common divisor of 34 and r?
17
Let k(v) = -18*v - 751. Let p be k(-44). Calculate the highest common factor of p and 7.
1
Let s(n) = -n**3 + 9*n**2 + 11*n - 58. Let a be s(7). What is the greatest common factor of a and 27?
9
Let b(g) = -g + 75. Let q be b(35). What is the greatest common divisor of 40 and q?
40
Let m be 32 - (3 + -13 + 4)*1. Let f be 1/2 - (-226)/4. Calculate the highest common factor of f and m.
19
Let h(r) = -r**2 - 18*r - 31. Let n be h(-15). Suppose -11 - 3 = -p. Calculate the greatest common divisor of p and n.
14
Let h be ((-1430)/(-33))/((-1)/(-12)). Calculate the greatest common factor of h and 20.
20
Suppose 0 = n + 2*n. Suppose x + 1 - 2 = n. Let u be x*6*(-1)/(-2). Calculate the highest common divisor of 1 and u.
1
Suppose -63*o - 567 + 2583 = 0. Calculate the highest common factor of 14 and o.
2
Suppose -867 = -13*g - 321. Suppose -18*l + g = -17*l. Calculate the greatest common divisor of l and 12.
6
Suppose 2*l = -7*a + 4*a + 2869, -4*a + 2*l + 3830 = 0. What is the greatest common factor of a and 87?
87
Let q = 325 - 319. What is the greatest common factor of 96 and q?
6
Suppose -12*m = -8*m - 100. Suppose 4 = -3*o + m. What is the highest common factor of 56 and o?
7
Let t(w) be the first derivative of 12*w**3 + w**2/2 - 2*w - 17. Let o be t(1). Calculate the greatest common factor of o and 14.
7
Let p = -1 + 3. Suppose -r - 85 = -p*r. Calculate the highest common divisor of 34 and r.
17
Suppose -4*r = 3*r - 1008. Suppose -r = 2*t - 10*t. Calculate the highest common divisor of t and 12.
6
Let k(l) = -5*l + 20. Let z be k(-10). What is the highest common divisor of z and 14?
14
Let x be -4 + 10 + 0/3. Suppose -5*m = -m - 264. What is the greatest common divisor of m and x?
6
Suppose 2*o = o + 4. Let l(d) = 0*d + 5*d - d. Let m be l(1). Calculate the greatest common factor of m and o.
4
Suppose -643 + 1795 = 4*m. What is the highest common divisor of m and 36?
36
Let l = 30 + 170. Let r = -114 + l. Suppose -113 - r = -4*w + 5*k, 3*w - 193 = -5*k. Calculate the greatest common factor of w and 7.
7
Let b = 461 + -195. Calculate the highest common divisor of b and 152.
38
Let a be 5/((-15)/(-12)) + 33. Suppose -3*x = -5*t + 292, -t + 5*x + a = -39. Calculate the highest common divisor of t and 7.
7
Let o(m) = 37*m - 1. Let x be o(4). Let h be (-212)/(-10) + (2 - (-33)/(-15)). What is the greatest common factor of h and x?
21
Let l(z) = 4*z**3 - 2*z**2 - 2*z. Let g be l(2). Let p be 16/48 - (-502)/6. Let y be ((-60)/14)/((-18)/p). What is the greatest common divisor of y and g?
20
Suppose l = -4*x + 88, 6*l = 3*l + 4*x + 184. Calculate the greatest common factor of l and 8.
4
Let x be 4/38 - (-7350)/931. Suppose -4*o + 3*d = -218, -7*o + 2*o - d + 282 = 0. What is the greatest common factor of x and o?
8
Let f = -3 + 5. Suppose -2 = -g + f. Let o(c) = 3*c. Let n be o(g). Calculate the greatest common divisor of 4 and n.
4
Suppose -6*h + 2659 = 5*z, z = 5*z + 4. What is the greatest common factor of h and 37?
37
Let n(h) = -h**3 + 3*h - 1. Let t be n(-3). Let a be (13/(-4))/((-4)/16). Suppose a = -d + 64. What is the greatest common divisor of d and t?
17
Let t(y) = -3*y + 18 - 4 + 13. Let s be t(7). Calculate the greatest common divisor of 48 and s.
6
Suppose 0*n - 606 = -y - 2*n, -5*y + 3040 = 5*n. What is the highest common divisor of 10 and y?
10
Let o = 134 + -8. Let t = 55 - 41. Calculate the highest common divisor of t and o.
14
Let w(c) = 3*c - 9. Let x be w(4). Let q(p) = 4 + p**